20*r - 8 + 2 + 12*r. What is the remainder when x(-8) is divided by 15?
13
Let q(w) = 15*w + 1. Let g = 15 - -1. What is the remainder when q(3) is divided by g?
14
Let t = 1 + -2. Let i = -9 + 16. What is the remainder when 1*(t + -1) - -14 is divided by i?
5
Suppose -4*z - 5 + 1 = 0. Let s be (2 + -5)*z/(-1). What is the remainder when 18 is divided by 10 + 0/(s/1)?
8
Let o = -16 - -63. Suppose 3*z - 3*l = -2*z + 154, -5*z + 160 = -5*l. Let n = z + -5. What is the remainder when o is divided by n?
23
Suppose 0*g - 3*g + 5*t + 346 = 0, -5*g - 3*t + 554 = 0. What is the remainder when g is divided by 38?
36
Suppose -4*v + 5*s + 15 = -27, -5*v + 57 = -4*s. Calculate the remainder when 795/21 - (-3)/21 is divided by v.
12
Suppose -4*p + 48 = 4*y, 4*p + 4 = -3*y + 41. Calculate the remainder when y is divided by 3.
2
Let b(u) = 25*u**2 - u. What is the remainder when b(-1) is divided by 14?
12
Suppose 0 = b - 2*x + 10, 0 = -b - 5*x + 3 - 6. Let y = -4 - b. Suppose -a + y*v = -2 - 15, 5*v - 102 = -3*a. What is the remainder when a is divided by 15?
14
Let k = 57 - 45. Calculate the remainder when 190 is divided by k.
10
Suppose 76 = 2*q + 2*q. What is the remainder when 75 is divided by q?
18
Suppose 7*n - 8*n - 5*b + 23 = 0, 5*b = -4*n + 92. Calculate the remainder when n is divided by 7.
2
Let t(f) = 10*f**2 + 1. What is the remainder when t(1) is divided by 4?
3
Let o be (1 - 0) + (78 - 2). Let i = o + -42. What is the remainder when i is divided by 18?
17
Suppose t = -2*t + 18. Calculate the remainder when (1/(-2))/((-2)/64) is divided by t.
4
Calculate the remainder when 39 is divided by 3 + -1 - 2 - 5*-2.
9
Let d(q) = -q**3 + 27*q**2 - 25*q - 12. What is the remainder when 83 is divided by d(26)?
13
Suppose -r = r + 3*f - 40, -2*r + 2*f = -20. Calculate the remainder when r is divided by 5.
4
Let d(w) = -w**2 + 3*w + 4. Let t = 3 - 1. Suppose 33 + t = 5*r. Calculate the remainder when r is divided by d(3).
3
Suppose 2*y - 12 = -x, 4*y - 8 = 8. What is the remainder when x is divided by 3?
1
Let j = -194 - -354. Calculate the remainder when j is divided by 27.
25
Suppose 6*n - 11*n + 35 = 0. What is the remainder when n is divided by 3?
1
Let s(n) be the second derivative of -n**5/20 + 2*n**4/3 - 4*n**3/3 + 4*n**2 - 3*n. What is the remainder when s(6) is divided by 11?
10
Let x(g) = 19*g**2 - g - 2. What is the remainder when x(-1) is divided by 6?
0
Let w = 104 + -85. Calculate the remainder when 26 is divided by w.
7
Let s(h) = 8*h + 31 + 3*h - 30 + 5*h. What is the remainder when 50 is divided by s(1)?
16
Suppose -17 = 2*y - 51. Calculate the remainder when 63 is divided by 2*y + -8 + 6.
31
What is the remainder when 6 - (-731)/9 - (-2)/(-9) is divided by 22?
21
Suppose -4*p = -18 - 26. Let j = -9 + 30. Calculate the remainder when j is divided by p.
10
Suppose -5*b + 17 + 8 = 0. What is the remainder when 17 is divided by b?
2
Let v(j) = -j + 7. Let g be (48/30)/(2/250). Suppose 4*i = -i + g. What is the remainder when i is divided by v(-7)?
12
Suppose 0 = 5*v - 3*h + 21, 0*v - 7 = 3*v + h. Let s = 5 + v. Calculate the remainder when 3 is divided by s.
1
Suppose 3*w - 36 = 12. Suppose -h + 3*p + w = h, 0 = h - p - 9. What is the remainder when 20 is divided by h?
9
Suppose 3*q + 3 = -3*b, -2*q + 0*q + 2 = 4*b. What is the remainder when q + (45 - -2) + -3 is divided by 14?
13
Suppose -2*g = 3*o - 211, o = 4*g + 4*o - 413. What is the remainder when g is divided by 51?
50
Suppose -198 = -j - 5*j. What is the remainder when j is divided by 12?
9
Suppose -4*r - 21 = -5*r. Let x be 90*2/(4 + -2). Calculate the remainder when r is divided by x/8 - 3/12.
10
Let x(l) = 4*l - 31. Let c(j) = j - 1. Let b(f) = 3*c(f) - x(f). Calculate the remainder when b(10) is divided by 10.
8
Suppose 84 = -2*p + 4*p. What is the remainder when p is divided by 15?
12
Suppose 2*y + w - 28 = -3*w, 9 = -4*y + 5*w. Suppose y + 2 = 3*m. Suppose -u + 0 = -2. Calculate the remainder when m is divided by u.
0
Let x = -4 - -7. Suppose 4*h - 12 = -4*q, x*h + 6 = 15. Suppose q*z + z - 18 = 0. What is the remainder when 52 is divided by z?
16
Let l(p) = p + 1. What is the remainder when (2/(-3))/(12/(-252)) is divided by l(3)?
2
Let w = -23 - -33. Let z = w + 9. Suppose -5*a + 33 = -2*a. What is the remainder when z is divided by a?
8
Suppose -13*f = -12*f - 3. Suppose v = f - 0. Calculate the remainder when 9 is divided by v.
0
Let q = 63 - 35. Calculate the remainder when q is divided by 11.
6
Suppose w + 2*d = -4*w + 233, 245 = 5*w + 5*d. What is the remainder when w is divided by 24?
21
Let z = -5 + 10. Let o be (1 + -3)/((-4)/(-10)). What is the remainder when z is divided by (-4)/(-1) - (o + 6)?
2
Let c(t) = 18*t - 1. Let x(i) = 18*i - 1. Let n(k) = 3*c(k) - 2*x(k). What is the remainder when n(1) is divided by 30/(-4)*(-8)/10?
5
Let z be ((-12)/15)/((-1)/95). Let q = z - 45. Suppose -m + 0*k - 2*k = -5, -4*k = -2*m + 34. What is the remainder when q is divided by m?
9
Let h be ((-1)/1 + 0)*-5. Suppose -b + 68 = 3*x, 6*x = b + x - 108. Suppose -5*m + b = -n, -m = -5*m + h*n + 58. What is the remainder when m is divided by 9?
8
Let g = 11 + -5. Calculate the remainder when g/(-1)*(-2)/6 is divided by 1 + (2 + -2)/1.
0
Let a(p) = p - 3. Let f(u) = u**2 + 1. Let k be f(-1). Suppose k*g + 0*g - 6 = 0. What is the remainder when g is divided by a(5)?
1
Let a(i) = 3*i - 23. Calculate the remainder when 82 is divided by a(17).
26
Let d(f) = -f + 1. Let j = -22 - -13. Let p = j - -25. Calculate the remainder when p is divided by d(-8).
7
Let l = 47 + 34. Calculate the remainder when l is divided by 7.
4
Suppose 2*z = -3*z + 125. Let q = 63 - 33. Suppose 3*h - q = -3*y, 2*h - 3*h + 5 = -4*y. What is the remainder when z is divided by h?
7
Let t = 29 - 17. Let c = -2 + 3. Let i(b) = 45*b. What is the remainder when i(c) is divided by t?
9
Let q = -4 - -4. Let x = q - -24. Let d = -14 + x. What is the remainder when d is divided by 4?
2
Suppose -4*x + 61 = k, -4*x - 3 + 15 = 0. What is the remainder when k is divided by 13?
10
Let p(z) = 74*z**2 - z. Calculate the remainder when p(1) is divided by 25.
23
Let u(o) = o**3 - 2*o**2 - 2*o + 6. What is the remainder when 148 is divided by u(4)?
28
Suppose 3*u - 48 = -0*u - 4*a, u = -5*a + 27. Suppose -i + u = -0*i. Calculate the remainder when i is divided by 7.
5
Suppose -181 = -4*x + 5*u, -6*x + 5*x - u + 52 = 0. Suppose 19 + 15 = 2*g. Calculate the remainder when x is divided by g.
15
Let i(l) = l**2 + 2*l - 3. Let m be i(-4). Let u = 3 - m. Let p = 3 + u. What is the remainder when 2 is divided by p?
0
Calculate the remainder when 1 - (-2 + -18*3) is divided by 20.
17
Suppose 2*x = -4*m + 178, 4*x - 7 = -m + 20. Let s = 0 + -16. Let j = s + 32. What is the remainder when m is divided by j?
15
Suppose 0 = -4*i + 53 + 35. Suppose -48 = -4*l + 8. What is the remainder when i is divided by (-212)/(-26) - l/91?
6
Let q(o) = -2*o - 13. What is the remainder when 7 is divided by q(-8)?
1
Let q(w) = -w**2 + 1. What is the remainder when q(0) is divided by 1?
0
Let h be (-84)/(-49) - (-2)/7. Suppose h*z - 35 = z. Calculate the remainder when z is divided by 12.
11
What is the remainder when 57 is divided by 30/18*3*6?
27
Let z(y) = 3*y - y**3 - 3*y - 9*y - 6 - 9*y**2. Let i be z(-8). Suppose 2*t - 5*b = -b + 50, -5*t + i*b = -93. What is the remainder when t is divided by 9?
8
Suppose 4*l = 2*z + 42, 3*l + z = 51 - 22. Calculate the remainder when 48 is divided by l.
8
Let r be ((-3)/(-12)*0)/1. Suppose -7*u + 3*u + 196 = r. What is the remainder when u is divided by 17?
15
Let c(k) = -k**3 + 9*k**2 + 9*k - 7. What is the remainder when c(9) is divided by 19?
17
Suppose -111 = -2*y + 5*p, 5*y - 2*p = -5*p + 293. Suppose 4*n + 47 = -129. Let l = n + 64. What is the remainder when y is divided by l?
18
Let q = -8 - -11. Suppose 3*p = -5*c + 145, 0*p - q*c = 3*p - 153. Suppose 2*m = y - 3*y + 28, 4*m = -3*y + p. What is the remainder when 25 is divided by m?
12
Suppose -3*l - 4 = -5*l. Let m(p) = -p - 3. Let b be m(-3). Suppose 3*f + 3*y - 8*y + 5 = b, -4*f + 16 = -y. What is the remainder when f is divided by l?
1
Let v be (-2)/(0 - (-3)/(-174)). Suppose -2*m = -18 - v. What is the remainder when m is divided by 35?
32
Let r = -27 - -4